ist the prime factors of u.
2, 7
Let n be 208/12 + (-4)/(-6). Let d = n + -6. What are the prime factors of d?
2, 3
Let i(o) = -26*o - 31. What are the prime factors of i(-5)?
3, 11
What are the prime factors of (36 - -2) + (-1 - 2)?
5, 7
Let b = 0 - -4. Let r be b/(-1 + 2/(-2)). What are the prime factors of ((-4)/(-8))/(r/(-72))?
2, 3
Let r(a) = -5 + 2 + 0*a - 3*a + 4*a. What are the prime factors of r(5)?
2
Suppose 0 = -3*i + 92 - 8. List the prime factors of i.
2, 7
Suppose 0*s - 20 = -5*s. Suppose 0 = s*w + 2 - 30. List the prime factors of w.
7
Let l be (-3 + 2)*-1 + -10. What are the prime factors of (-111)/l - (-3)/(-9)?
2, 3
Suppose 3*j - 30 = -0*j. Let f = 47 - 27. Let d = f - j. List the prime factors of d.
2, 5
Suppose 19*d + 63 = 18*d. Let a = d - -114. List the prime factors of a.
3, 17
Let v be (1 - (-1 + 3))*-5. Suppose 2*f - 2 = 2*a, -3*a - 2 - v = f. List the prime factors of (6/15)/(f/(-20)).
2
Let h = -61 - -153. List the prime factors of h.
2, 23
Suppose 0 = 4*z + 5*m - 41, z + 0*z - 5*m - 29 = 0. What are the prime factors of z?
2, 7
Suppose 4*g - 2*g - 100 = 0. Let l be g/(2 - 0) + 2. Let x = l - 15. What are the prime factors of x?
2, 3
Let m(p) = -5*p + 140. What are the prime factors of m(0)?
2, 5, 7
List the prime factors of (-7)/(-21)*(-1 + 154).
3, 17
Let t(p) = -4*p**3 - 2*p**2 + 3*p + 3. Let v(w) = -w**3 - 6*w**2 + 8*w + 5. Let d be v(-7). List the prime factors of t(d).
3, 7
Let j be (3 - 0)/(-1 + 2). Suppose 7*s - j*s = 44. Suppose s = 3*t - 10. What are the prime factors of t?
7
Let o = 248 + -147. List the prime factors of o.
101
Suppose -3 = -2*t + 3. Suppose -5*y + 12 = 4*p + 1, 4*y + 16 = t*p. Suppose p*n - 28 = -0*n. List the prime factors of n.
7
List the prime factors of -2*(-5)/(-65) + 1237/13.
5, 19
Suppose 4*r + 31 = 195. What are the prime factors of r?
41
Suppose 4*l = 2 + 6. Suppose -a = -l - 0. Suppose -a*o + 24 = s - o, -2*o = -8. List the prime factors of s.
2, 5
Let f(w) = 22*w**2 - 3*w - 16. What are the prime factors of f(-3)?
191
Let d(k) = k**3 - k**2 + k + 2. Let j be 0/((2 - 2) + 1). Suppose j = -2*q + q. List the prime factors of d(q).
2
Let v = 5 - 7. Let c be (-3)/v + (-2)/4. What are the prime factors of 1*c/(1/9)?
3
Let k = 92 - -9. Suppose 204 = 5*w - k. What are the prime factors of w?
61
Suppose 2*m + 4 = 12. Suppose -4*c = -4 - m. What are the prime factors of c?
2
Let i be 86/(10/4 + -2). Suppose 5*n + i = 5*h - 133, -4*n = 20. What are the prime factors of h/12*3/1?
2, 7
Let g = -4 + 13. What are the prime factors of g?
3
Let f(o) = 2 - 5 + 4*o + 5*o**2 + o**3 + 8. Let n = 6 - 10. List the prime factors of f(n).
5
Suppose j - 66 = -2*j. Suppose -j = -4*k + 2*k. Suppose k = d + 2. What are the prime factors of d?
3
Let c = -17 - -33. Let d be c/4 - (1 + 1). Suppose -7*i + 15 = -d*i + 2*r, r = 0. List the prime factors of i.
3
Let i be 1 - (-1 + -1) - 0. Let v be 1 + (-1)/(i/(-15)). Suppose 3*s - v = 15. What are the prime factors of s?
7
Let g = -620 + 905. List the prime factors of g.
3, 5, 19
Suppose 0 = 3*l - 2*l - 152. Suppose 5*x + 7 = l. What are the prime factors of x?
29
Let j = -93 + 147. List the prime factors of j.
2, 3
Let h = -2 - -7. Suppose -6 = 3*a + 4*p, -3*a - 1 = 5*p + h. What are the prime factors of (-27)/a - (-1)/2?
2, 7
Let c be (6 + -4)*3/2. Let h(a) = a**2 - a - 3. Let n be h(c). Suppose -4*x + 1 = 3*p - 7, -11 = -n*p - x. List the prime factors of p.
2
Suppose 84 = f - 78. List the prime factors of f.
2, 3
Let h = 4 + -2. What are the prime factors of h?
2
Let w be (1 - -1)/(18/63). Suppose 2*o + 55 = w*o. What are the prime factors of o?
11
Let w = 5 + -41. Let y = 53 + w. List the prime factors of y.
17
Let u = -5 - -5. Suppose 5*t - 5*z + 3*z - 60 = u, 3*z + 55 = 5*t. What are the prime factors of t?
2, 7
Suppose -k = 15 - 262. What are the prime factors of k?
13, 19
Let d = 66 - 44. Suppose -2*b - w = -10, 4*w - 2 = -4*b + d. List the prime factors of (-62)/(-8) - (-1)/b.
2
Let y(t) = t**2 + 2*t + 5. Let j be y(-7). Suppose -3*h - 2*h = -j. List the prime factors of h.
2
Let j(k) = -k**2 + 7*k + 5. Let z = -8 + 14. List the prime factors of j(z).
11
Let b be (-22)/(-4) + 18/12. Let x = b + -11. Let w(h) = -2*h - 3. List the prime factors of w(x).
5
Suppose -2*u = -s - 44, 4*u = -4*s + 7 + 57. List the prime factors of u.
2, 5
Let i(n) = 2*n**3 - 2*n**2 + n - 7. List the prime factors of i(4).
3, 31
Suppose -32 = -p - 2*r - 7, p - 4*r = 19. Let g = p + -5. What are the prime factors of g?
2, 3
What are the prime factors of -7*(-24)/(-15)*(-175)/10?
2, 7
Let y(z) = -z**2 - 21*z + 23. What are the prime factors of y(-12)?
131
Let l = -19 - -27. Let d(f) = f. Let q(r) = -7*r + 14. Let u(y) = 6*d(y) + q(y). List the prime factors of u(l).
2, 3
Let u be 4 + 0 + 1 + -2. Let b = -2 - u. List the prime factors of ((-2)/b)/((-1)/(-30)).
2, 3
Suppose 6 = 2*x - 2*w, 4*x + w = 2*x. Let b(o) be the first derivative of 5*o**3/3 - o - 10. List the prime factors of b(x).
2
Suppose -x - 3*x + 3*f = -375, 370 = 4*x - 2*f. What are the prime factors of x?
2, 3, 5
Suppose -3*y + 0*y = 0. Let b(i) = 3*i**2 + 4*i - 2 + y*i - 2*i**2. What are the prime factors of b(-5)?
3
Let j be 5 + (-3 - 2*-1). Suppose 20 = j*h + h. Suppose 2*a - 4 = h. What are the prime factors of a?
2
Let z be 5 + 3 + -1 - 3. Let t = z - -8. What are the prime factors of t?
2, 3
Suppose -4*o = 3*x - 846, 1128 = 4*x - 10*o + 5*o. List the prime factors of x.
2, 3, 47
Let o(u) = 50*u - 8. List the prime factors of o(4).
2, 3
Let h(u) be the second derivative of 3/2*u**2 + 1/12*u**4 - 2*u + 1/3*u**3 + 0. List the prime factors of h(-3).
2, 3
Suppose -3 = -a + 3. List the prime factors of (-4*a/(-3))/2.
2
Let h be (4/1)/2 - 0. Suppose -2*w + 46 - 8 = 3*t, w - 5 = h*t. List the prime factors of w.
13
List the prime factors of 28/(-42)*6*-11.
2, 11
Let c(a) = -16*a. Let z be (2 + -2 + -1)*-1. Let q be c(z). Let g = q - -30. What are the prime factors of g?
2, 7
Let c(g) = 11*g**2 - g + 9. List the prime factors of c(-3).
3, 37
Suppose 2*u - 5 = -2*p + u, p - u + 5 = 0. Suppose p = h - 0*h - 10. What are the prime factors of h?
2, 5
Suppose v - 49 = 42. List the prime factors of v.
7, 13
Let r(z) = z**3 - 2*z**2 - 2*z - 11. List the prime factors of r(5).
2, 3
Suppose 5*i - 14 = 2*t - 5*t, -5*i - 4*t = -12. Suppose -4*j + i + 8 = 0. Suppose 26 = j*k + 8. List the prime factors of k.
2, 3
Let p = 2 + 15. Let u = p + -1. List the prime factors of u.
2
Let g(k) = 25*k - 61. List the prime factors of g(7).
2, 3, 19
Suppose -4*m + 13 + 11 = 0. Suppose m*i = 2*i + 24. List the prime factors of i.
2, 3
Suppose 33 - 11 = p. What are the prime factors of p?
2, 11
Suppose 0 = 3*o + 26 + 22. What are the prime factors of 4/(-2) - (o - 1)?
3, 5
Suppose 3*v + 4 = v. List the prime factors of v*1/4*-22.
11
Let d(w) = 2*w + 29. List the prime factors of d(0).
29
Suppose 0 = 2*x - 0*x - 16. Suppose -2*c = -3*c + x. List the prime factors of c.
2
Let q(n) = 9*n + 1. Let j be q(6). Let b = -33 + j. Suppose s - b = -s. List the prime factors of s.
11
Suppose -k = -33 - 30. What are the prime factors of k?
3, 7
Suppose -4*m - 1 = -5*m. Suppose -5*c - 21 = h - 3*h, 4*c + 21 = 3*h. Let q = h - m. What are the prime factors of q?
2
Let c(a) = -a**2 + 20*a - 12. List the prime factors of c(10).
2, 11
Suppose 5*o - 12 = -0*w + 4*w, 4*w = 4*o - 8. What are the prime factors of -2*(4/w - 15)?
2, 13
Suppose 12 = 2*h + 2*i, -2*h + 0*h + i = 0. Suppose 0 = h*d - 44 - 14. What are the prime factors of d?
29
Suppose 0*z = -4*z + 5*j - 4, 0 = 4*z + 5*j - 36. Suppose -2*x + x + 68 = 3*y, -2*y = -z*x - 36. List the prime factors of y.
2, 11
Let l(b) = b**3 + 5*b**2 + 3*b - 2. Let u be l(-3). Let i(d) = -d + 10. Let o be i(u). List the prime factors of (-46)/(-4) - o/6.
11
List the prime factors of 9 + 13 - -1*1.
23
Suppose 4*u - 68 = -0*u. Let i = u - 5. List the prime factors of 172/i - (-4)/6.
3, 5
Suppose -7*j = -3*j - 12. Suppose j*v - 103 = 11. List the prime factors of v.
2, 19
Suppose y = 4*y - 141. List the prime factors of y.
47
Let b(h) = -h + 4. Let k be b(6). Let s(n) = 7*n**2 + 2*n + 2. List the prime factors of s(k).
2, 13
Suppose 2*x = -2*k + 12, 2*x - 3*k = -0*x + 22. Suppose 5*y + x = 6*y. List the prime factors of y.
